16.
1b
Convert 7 (base 14) to base 7.
10
Convert 13 (base 5) to base 10.
8
What is -1 (base 8) in base 13?
-1
-10 (base 7) to base 16
-7
What is -3 (base 11) in base 16?
-3
Convert 1010 (base 2) to base 15.
a
What is -11 (base 2) in base 5?
-3
Convert -10 (base 2) to base 13.
-2
What is 47 (base 13) in base 3?
2012
What is -52 (base 9) in base 12?
-3b
What is -1023 (base 4) in base 2?
-1001011
43 (base 5) to base 3
212
What is 3b (base 12) in base 5?
142
Convert 6 (base 14) to base 10.
6
204 (base 6) to base 13
5b
Convert -1 (base 10) to base 12.
-1
Convert 1 (base 15) to base 3.
1
Convert -19 (base 14) to base 7.
-32
9 (base 13) to base 3
100
33 (base 7) to base 3
220
What is 1 (base 16) in base 5?
1
5 (base 10) to base 4
11
Convert 12 (base 6) to base 13.
8
What is 3 (base 16) in base 6?
3
What is -20 (base 6) in base 9?
-13
Convert 6 (base 12) to base 10.
6
Convert -152 (base 7) to base 2.
-1010110
-3223 (base 4) to base 16
-eb
0 (base 7) to base 5
0
Convert 360 (base 7) to base 16.
bd
Convert 46 (base 7) to base 6.
54
Convert -514 (base 6) to base 2.
-10111110
What is -332 (base 4) in base 5?
-222
What is 10 (base 16) in base 5?
31
2 (base 6) to base 14
2
Convert 0 (base 6) to base 9.
0
What is 16 (base 13) in base 7?
25
Convert 2 (base 3) to base 2.
10
What is 202 (base 8) in base 10?
130
What is -20 (base 5) in base 12?
-a
Convert -11 (base 12) to base 13.
-10
What is -12 (base 15) in base 13?
-14
-96 (base 12) to base 11
-a4
-2a (base 11) to base 4
-200
-4 (base 16) to base 8
-4
Convert 52 (base 11) to base 10.
57
3 (base 16) to base 2
11
Convert 10001001 (base 2) to base 10.
137
-22 (base 5) to base 4
-30
What is -1221 (base 3) in base 6?
-124
0 (base 3) to base 7
0
What is -8c (base 16) in base 8?
-214
Convert 32 (base 5) to base 14.
13
10 (base 7) to base 2
111
What is e (base 15) in base 5?
24
What is -14 (base 6) in base 3?
-101
Convert 0 (base 12) to base 14.
0
What is -c (base 16) in base 2?
-1100
Convert -4 (base 14) to base 3.
-11
Convert -112 (base 6) to base 2.
-101100
What is a (base 13) in base 8?
12
Convert 4 (base 13) to base 9.
4
What is -1d (base 16) in base 6?
-45
Convert -3 (base 6) to base 14.
-3
-32 (base 9) to base 8
-35
Convert 316 (base 7) to base 14.
b6
Convert -5 (base 16) to base 10.
-5
What is 121 (base 4) in base 10?
25
What is -221 (base 3) in base 16?
-19
Convert 100011110 (base 2) to base 16.
11e
What is b2 (base 16) in base 7?
343
What is 10 (base 3) in base 4?
3
What is -55 (base 15) in base 16?
-50
-1221 (base 4) to base 11
-96
What is 11100 (base 2) in base 15?
1d
What is 221 (base 3) in base 15?
1a
What is -210 (base 4) in base 13?
-2a
Convert 3 (base 8) to base 5.
3
110101 (base 2) to base 4
311
0 (base 7) to base 4
0
Convert 88 (base 9) to base 14.
5a
Convert -12 (base 9) to base 7.
-14
-87 (base 14) to base 2
-1110111
What is 2 (base 10) in base 7?
2
What is 4 (base 14) in base 16?
4
Convert 31 (base 13) to base 8.
50
What is -8 (base 12) in base 6?
-12
What is 3 (base 5) in base 10?
3
What is 202 (base 3) in base 6?
32
Convert 5 (base 6) to base 3.
12
Convert -1000111 (base 2) to base 11.
-65
Convert 13 (base 12) to base 11.
14
What is -341 (base 5) in base 2?
-1100000
10 (base 5) to base 12
5
What is -5 (base 14) in base 8?
-5
-2 (base 13) to base 8
-2
Convert -42 (base 14) to base 10.
-58
What is 13 (base 5) in base 4?
20
What is -3 (base 6) in base 11?
-3
What is 101 (base 2) in base 10?
5
What is 4 (base 12) in base 3?
11
-2 (base 8) to base 2
-10
Convert -19 (base 15) to base 11.
-22
Convert -55 (base 12) to base 7.
-122
Convert -6 (base 8) to base 13.
-6
-4 (base 13) to base 8
-4
Convert -57 (base 12) to base 5.
-232
Convert -24 (base 5) to base 13.
-11
-108 (base 15) to base 11
-1a2
What is -11 (base 9) in base 12?
-a
What is -5 (base 12) in base 11?
-5
What is -3 (base 7) in base 15?
-3
What is -314 (base 5) in base 11?
-77
-2222 (base 4) to base 8
-252
Convert -66 (base 10) to base 14.
-4a
10 (base 9) to base 13
9
-67 (base 13) to base 15
-5a
What is 0 (base 12) in base 14?
0
What is -112 (base 8) in base 13?
-59
What is b (base 14) in base 9?
12
What is -44 (base 16) in base 2?
-1000100
Convert 3 (base 15) to base 9.
3
What is 43 (base 12) in base 11?
47
What is -5 (base 10) in base 9?
-5
What is 3 (base 16) in base 4?
3
5 (base 14) to base 7
5
13 (base 5) to base 8
10
What is -7 (base 16) in base 14?
-7
What is -2 (base 14) in base 4?
-2
What is 10 (base 3) in base 7?
3
Convert 138 (base 10) to base 6.
350
76 (base 12) to base 15
60
Convert -2 (base 12) to base 4.
-2
Convert 2 (base 8) to base 16.
2
Convert -121 (base 5) to base 2.
-100100
Convert 11 (base 2) to base 4.
3
What is -100 (base 2) in base 6?
-4
Convert -32 (base 10) to base 6.
-52
Convert 136 (base 11) to base 13.
c4
What is 32 (base 4) in base 5?
24
-142 (base 7) to base 9
-87
1 (base 13) to base 4
1
Convert 20 (base 4) to base 9.
8
What is 11 (base 6) in base 8?
7
-18d (base 14) to base 7
-636
12 (base 7) to base 3
100
What is 1 (base 8) in base 9?
1
What is 54 (base 6) in base 3?
1021
What is 110011 (base 2) in base 14?
39
What is 1010 (base 2) in base 9?
11
-5 (base 7) to base 15
-5
Convert -1 (base 15) to base 3.
-1
6 (base 15) to base 16
6
Convert -7 (base 12) to base 2.
-111
Convert -2 (base 16) to base 12.
-2
What is 104 (base 7) in base 8?
65
What is 3 (base 11) in base 9?
3
What is 1 (base 12) in base 10?
1
What is -17 (base 8) in base 3?
-120
0 (base 6) to base 5
0
-1 (base 13) to base 15
-1
What is -111 (base 7) in base 2?
-111001
What is 30 (base 7) in base 4?
111
37 (base 14) to base 8
61
What is 14 (base 11) in base 9?
16
-10 (base 3) to base 8
-3
-29 (base 14) to base 5
-122
9 (base 13) to base 15
9
-132 (base 5) to base 15
-2c
210 (base 3) to base 9
23
9 (base 14) to base 12
9
Convert c (base 15) to base 6.
20
Convert -54 (base 13) to base 3.
-2120
What is 120 (base 3) in base 6?
23
34 (base 7) to base 14
1b
1c (base 15) to base 10
27
What is 2e (base 16) in base 15?
31
What is 4 (base 8) in base 11?
4
Convert 4 (base 9) to base 10.
4
101110 (base 2) to base 10
46
11 (base 4) to base 6
5
-100011 (base 2) to base 4
-203
Convert -19 (base 11) to base 8.
-24
4 (base 16) to base 11
4
Convert -8 (base 11) to base 2.
-1000
Convert 89 (base 14) to base 16.
79
What is 1 (base 9) in base 4?
1
3 (base 7) to base 5
3
64 (base 15) to base 11
86
2 (base 11) to base 13
2
What is 20110 (base 3) in base 16?
ae
Convert 3 (base 12) to base 11.
3
d (base 15) to base 6
21
e7 (base 15) to base 4
3121
Convert 0 (base 2) to base 14.
0
Convert 7 (base 12) to base 16.
7
Convert 1022 (base 3) to base 8.
43
Convert -3 (base 11) to base 4.
-3
What is -2 (base 16) in base 10?
-2
What is -1 (base 11) in base 16?
-1
What is -14 (base 9) in base 8?
-15
61 (base 14) to base 9
104
What is 74 (base 11) in base 7?
144
What is -3 (base 14) in base 9?
-3
Convert -1122 (base 4) to base 9.
-110
Convert 71 (base 15) to base 2.
1101010
253 (base 7) to base 16
88
Convert 5c (base 15) to base 11.
7a
What is 33 (base 4) in base 10?
15
-22 (base 8) to base 15
-13
-10100 (base 2) to base 14
-16
Convert 0 (base 6) to base 14.
0
0 (base 8) to base 11
0
2 (base 14) to base 11
2
Convert 3 (base 11) to base 16.
3
What is 23 (base 5) in base 7?
16
222 (base 12) to base 8
472
Convert 0 (base 6) to base 16.
0
What is 0 (base 10) in base 12?
0
Convert 126 (base 8) to base 2.
1010110
-16 (base 12) to base 9
-20
Convert -139 (base 16) to base 3.
-102121
What is -16 (base 12) in base 11?
-17
What is a7 (base 12) in base 2?
1111111
322 (base 4) to base 10
58
Convert -14 (base 5) to base 8.
-11
Convert -2 (base 4) to base 7.
-2
Convert 10001 (base 3) to base 14.
5c
Convert 5b (base 15) to base 4.
1112
d (base 16) to base 14
d
What is 111 (base 2) in base 4?
13
8 (base 12) to base 10
8
Convert -1 (base 14) to base 10.
-1
Convert -1 (base 7) to base 12.
-1
What is 45 (base 6) in base 16?
1d
What is 132 (base 7) in base 11?
66
What is 7 (base 16) in base 14?
7
-37 (base 13) to base 6
-114
-23 (base 9) to base 4
-111
What is -210 (base 3) in base 12?
-19
-9 (base 12) to base 2
-1001
-14 (base 6) to base 8
-12
What is 64 (base 10) in base 9?
71
What is -41 (base 5) in base 13?
-18
Convert -41 (base 6) to base 7.
-34
100 (base 4) to base 9
17
-6 (base 14) to base 5
-